4*j, g + 17 = 5*j. Calculate the greatest common factor of 291 and g.
3
Let j(w) = 0 + 2*w - 2*w - 4 + 7*w. Let o be j(4). Calculate the highest common divisor of 3 and o.
3
Let w be 441/42 + (-2)/(-4). Calculate the greatest common divisor of w and 506.
11
Let c = 63 + -63. Suppose -34*j + 33*j + 4 = c. Suppose 4 = 4*o - 0*o, -2*o = -5*h + 158. What is the greatest common divisor of h and j?
4
Suppose 172 = -f + 5*f. Suppose f = 5*t - 42. Let i be ((-2)/(-6))/(1/153). Calculate the highest common factor of t and i.
17
Let h(q) = 14*q - 6. Let c be h(7). Let p = -58 + c. Calculate the greatest common factor of 85 and p.
17
Let p = -261 - -415. Suppose 0 = -5*f + 76 + 14. Let c = 32 - f. What is the greatest common factor of p and c?
14
Let c(d) = 2*d**3 + 37*d**2 + 53*d + 16. Let u be c(-16). What is the highest common divisor of 56 and u?
56
Let d(p) = -p**2 + 25*p - 57. Let u be d(13). Calculate the highest common factor of u and 2277.
99
Let t be (-155)/(-10) + 2/(-4). Let b(i) = -4*i + 3. Let s be b(3). Let d be (-6)/s*27/6. What is the highest common factor of t and d?
3
Let b(z) = -z**3 + 43*z**2 - 40*z - 75. Let c be b(42). What is the highest common divisor of 72 and c?
9
Suppose 46*l + 56 = 42*l. Let r be ((-4)/l + (-5682)/42)/(-1). Calculate the highest common factor of r and 45.
45
Let m(r) = 9*r - 83. Let z be m(15). What is the greatest common divisor of 4 and z?
4
Let c be (2/(-10)*-5)/(2/8). Suppose 3*d + 15 = 0, c*f - 70 = -0*f - 2*d. Calculate the greatest common divisor of f and 80.
20
Let p = 28 + -13. Let q = 31 - 27. Suppose -q*a + 230 = -5*n, -5*n = -a - 4*a + 290. Calculate the greatest common divisor of a and p.
15
Let l(q) = 33*q + 273. Let z be l(-7). What is the greatest common factor of 266 and z?
14
Let n(s) = -21*s + 6. Let g be n(-1). Suppose g*v = 16*v + 825. What is the greatest common factor of 100 and v?
25
Suppose 2*z + g = -0*g + 40, 3*z - 60 = -4*g. Let b = 14 - 12. Suppose 0*c + 20 = 4*t + 4*c, -b*t + 5 = -3*c. Calculate the highest common factor of z and t.
4
Let q be 9/(3 + -4 + 0). Let b(d) = d + 24. Let f be b(q). Calculate the highest common factor of 45 and f.
15
Let c(o) = -o - 12. Let y be c(-12). Suppose 5*q - 2*g - 1094 = y, 0 = q - 2*g + 3*g - 223. What is the highest common divisor of q and 20?
20
Let v(d) = 24*d + 570. Let b be v(-7). What is the highest common factor of 18 and b?
6
Let l = 627 + -580. Suppose 1406 = 3*j + 2*o, 0 = -4*j + 7*j - 5*o - 1420. What is the highest common divisor of j and l?
47
Let m(f) = 3*f**2 - 2*f. Let y be m(2). Let t be 3 + (1 - y) + 103. Suppose -11 = 4*x - 47. Calculate the highest common factor of x and t.
9
Let l(a) = 384*a + 66. Let q be l(2). What is the highest common factor of q and 6?
6
Let f be (-3 - 5)/(2/(-1)). Suppose -4*n + 105 = z, 0*z = 3*n + f*z - 69. Suppose -v = -247 + n. What is the greatest common factor of 20 and v?
20
Suppose -4*x - 4*c + 24 = -2*c, 0 = 3*x + c - 17. Suppose w + 15 = 70. What is the highest common factor of w and x?
5
Let g be 8/(-20) - 362/(-5). Calculate the greatest common divisor of g and 192.
24
Let x be ((-27)/18)/((-6)/2840). Let u = -504 + x. Let g be u/14 - 20/(-70). Calculate the greatest common factor of 6 and g.
3
Let n(o) = o**2 - 3*o. Let f be n(3). Suppose -3*g = -2*x - f*g + 81, -x - 4*g + 57 = 0. Let r be 3*-10*2/(-12). What is the greatest common divisor of r and x?
5
Let n be (3 + (3 - 1))*(-306)/15. Let k = n + 118. What is the greatest common divisor of 208 and k?
16
Let y = 356 + -308. What is the greatest common divisor of 84 and y?
12
Let d = -2121 - -4857. What is the highest common factor of d and 144?
144
Let n = 164 + -137. Calculate the greatest common divisor of n and 144.
9
Suppose -2*u = 2*u - 8. Suppose 3*a = u*a + 3. Let r be (-21)/(-12) + a/12. Calculate the greatest common divisor of 4 and r.
2
Let p be -7*492/(-8)*(-4)/(-6). Suppose 9*d + 116 = p. What is the greatest common factor of 171 and d?
19
Let p be -4 + (-24)/(-4 + 0). Let b(o) = -o**3 - 8*o**2 - 11*o + 8. Let a be b(-8). Suppose -4*k + a = -p*k. Calculate the highest common divisor of 6 and k.
6
Let a = 1536 + -1419. Calculate the greatest common divisor of a and 65.
13
Let t = -878 + 954. Calculate the greatest common divisor of t and 342.
38
Suppose 4*a - 3*q = 31, -5*a + 38 = -0*q - 4*q. Suppose -46*t = -49*t + 159. Suppose -t = -5*m + 97. What is the greatest common factor of m and a?
10
Suppose -m - 216 = 5*m. Let b = m - -204. Calculate the highest common divisor of b and 21.
21
Let y = -82 + 48. Let u = -30 - y. What is the greatest common divisor of 14 and u?
2
Suppose 4*q = 4*k, 8*k + 24 = 3*k - q. Let o be (-19)/k + (21/4)/(-7). Calculate the greatest common divisor of o and 1.
1
Let k(d) = -2*d - 8. Let i be k(-5). Let x be 5 - (3 - (-1)/(-1)). Suppose -c + 21 = 3*h, 0 = -h + c - 0 + x. Calculate the greatest common factor of h and i.
2
Suppose 2*p = z - 3*z + 130, 4*z + 5*p = 259. What is the greatest common divisor of z and 22?
22
Suppose a = o - 809, 4*o - 3*a = 9*o - 4013. Calculate the greatest common factor of o and 35.
35
Let w = 977 + -739. What is the greatest common factor of 70 and w?
14
Let j = -17 + 73. Let b(d) = -d - 7. Let s be b(-9). Let o be 4/(s/1) - -5. Calculate the greatest common divisor of o and j.
7
Let s = -92 - -122. Suppose -s = -3*n - 12. Calculate the highest common factor of n and 42.
6
Suppose -4*p - 50 = 4*b - 18, b = -5*p - 48. Let y be (-24)/(-15) - 2 - 74/p. What is the highest common factor of y and 28?
7
Let b be (-1306)/7 - 24/(-42). Let l = -111 - b. Calculate the greatest common factor of l and 15.
15
Let k = -124 - -127. Suppose k*f - 40 = 14. What is the greatest common factor of f and 90?
18
Suppose z = -z - 2, 0 = 5*c - z - 1106. What is the highest common factor of c and 17?
17
Let j(n) = -n + 31. Let d be j(-5). Suppose -4*x = -2*x - 18. Calculate the highest common factor of x and d.
9
Let r = 95 + 155. Calculate the greatest common factor of 50 and r.
50
Suppose 7*z - 998 = -893. What is the greatest common divisor of 15 and z?
15
Let q = 152 - 88. Suppose -2*d + 86 = q. Calculate the greatest common factor of 121 and d.
11
Let y(d) be the third derivative of d**5/30 - d**4/12 - d**3/6 + 11*d**2. Let k be y(3). Calculate the greatest common factor of 88 and k.
11
Suppose 0 = -2*k - 5*k + 21. Suppose 0 = -k*p - 0*l + 2*l + 38, -6 = -p - l. What is the highest common divisor of p and 50?
10
Let q = 31 - 25. Calculate the greatest common factor of 3 and q.
3
Let g be (2 - -3) + -3 + 34 + 0. Calculate the greatest common divisor of g and 27.
9
Suppose -5*i - 249 - 11 = 5*b, -4*i = -3*b + 187. Let x = -7 - i. Suppose 0 = -3*c - 7 + 70. Calculate the greatest common factor of x and c.
21
Suppose -4*v - 197 = -293. Let r(n) = -22*n - 6. Let k be r(-3). Calculate the greatest common factor of v and k.
12
Let f = -87 + 117. Calculate the greatest common factor of f and 27.
3
Suppose 3*h - 45 = -3*o, -5*o + 2*o = 2*h - 30. What is the greatest common divisor of h and 6?
3
Let m = 3613 + -2171. What is the greatest common factor of 103 and m?
103
Suppose 5*m - 72 = 68. Suppose 2*u - f - m = 0, 5*u = -2*f + 2 + 86. What is the greatest common factor of u and 16?
16
Suppose 25 = -3*g + 22. Let v be (-48)/((2/g)/2). Calculate the greatest common divisor of 16 and v.
16
Let h(x) = x**2 - 4*x - 16. Let i be h(10). Calculate the highest common divisor of i and 44.
44
Let i be ((32/3)/4)/((-6)/(-9)). Suppose 4*s + 11 = -2*b + 59, -40 = -i*s - 4*b. Let y = 3 - 1. Calculate the greatest common factor of y and s.
2
Let x be 3 - (3 + -4 + -3 + -5). Calculate the highest common factor of x and 272.
4
Let z be 0/(2 - 1) - -49. Suppose 2*d - 128 = 558. Calculate the highest common factor of z and d.
49
Let c be 1 + 5/2*13020/75. Calculate the highest common factor of 15 and c.
15
Let f(z) = 153*z**3 + z**2 - z. Let c be f(1). Calculate the greatest common divisor of c and 17.
17
Let l(c) = -2*c**2 + 19*c + 3. Let p be l(5). What is the greatest common divisor of 48 and p?
48
Let h(f) = 5*f - 2. Let n be h(6). Let j be 32/(-40) + n/10. What is the highest common factor of 6 and j?
2
Suppose -r = -3 - 0. Let f(t) = -t**3 + 3*t**2 + 5*t - 3. Let p be f(r). Let s = -200 - -296. What is th